{"id":2015,"date":"2023-08-30T16:55:09","date_gmt":"2023-08-30T16:55:09","guid":{"rendered":"https:\/\/www.flamengos.pt\/jff\/?post_type=at_biz_dir&#038;p=2015"},"modified":"2023-08-30T16:55:09","modified_gmt":"2023-08-30T16:55:09","slug":"jante-18-comercio-e-reparacao-automovel-lda","status":"publish","type":"at_biz_dir","link":"https:\/\/www.flamengos.pt\/jff\/Comerciantes\/jante-18-comercio-e-reparacao-automovel-lda\/","title":{"rendered":"Jante 18&#8243; &#8211; Com\u00e9rcio E Repara\u00e7\u00e3o Autom\u00f3vel, Lda"},"content":{"rendered":"","protected":false},"author":1,"comment_status":"closed","ping_status":"closed","template":"","atbdp_listing_types":[93],"at_biz_dir-category":[110],"at_biz_dir-location":[106],"at_biz_dir-tags":[],"class_list":["post-2015","at_biz_dir","type-at_biz_dir","status-publish","has-post-thumbnail","hentry","atbdp_listing_types-general","at_biz_dir-category-comercio-e-reparacao-automovel","at_biz_dir-location-ff"],"aioseo_notices":[],"_links":{"self":[{"href":"https:\/\/www.flamengos.pt\/jff\/wp-json\/wp\/v2\/at_biz_dir\/2015","targetHints":{"allow":["GET"]}}],"collection":[{"href":"https:\/\/www.flamengos.pt\/jff\/wp-json\/wp\/v2\/at_biz_dir"}],"about":[{"href":"https:\/\/www.flamengos.pt\/jff\/wp-json\/wp\/v2\/types\/at_biz_dir"}],"author":[{"embeddable":true,"href":"https:\/\/www.flamengos.pt\/jff\/wp-json\/wp\/v2\/users\/1"}],"replies":[{"embeddable":true,"href":"https:\/\/www.flamengos.pt\/jff\/wp-json\/wp\/v2\/comments?post=2015"}],"wp:featuredmedia":[{"embeddable":true,"href":"https:\/\/www.flamengos.pt\/jff\/wp-json\/wp\/v2\/media\/2016"}],"wp:attachment":[{"href":"https:\/\/www.flamengos.pt\/jff\/wp-json\/wp\/v2\/media?parent=2015"}],"wp:term":[{"taxonomy":"atbdp_listing_types","embeddable":true,"href":"https:\/\/www.flamengos.pt\/jff\/wp-json\/wp\/v2\/atbdp_listing_types?post=2015"},{"taxonomy":"at_biz_dir-category","embeddable":true,"href":"https:\/\/www.flamengos.pt\/jff\/wp-json\/wp\/v2\/at_biz_dir-category?post=2015"},{"taxonomy":"at_biz_dir-location","embeddable":true,"href":"https:\/\/www.flamengos.pt\/jff\/wp-json\/wp\/v2\/at_biz_dir-location?post=2015"},{"taxonomy":"at_biz_dir-tags","embeddable":true,"href":"https:\/\/www.flamengos.pt\/jff\/wp-json\/wp\/v2\/at_biz_dir-tags?post=2015"}],"curies":[{"name":"wp","href":"https:\/\/api.w.org\/{rel}","templated":true}]}}

Jante 18&#8243; &#8211; Comércio E Reparação Automóvel, Lda
