{"id":2018,"date":"2023-08-30T17:05:00","date_gmt":"2023-08-30T17:05:00","guid":{"rendered":"https:\/\/www.flamengos.pt\/jff\/?post_type=at_biz_dir&#038;p=2018"},"modified":"2023-08-30T17:05:00","modified_gmt":"2023-08-30T17:05:00","slug":"mais-18-comercio-e-industria-materiais-de-construcao-lda","status":"publish","type":"at_biz_dir","link":"https:\/\/www.flamengos.pt\/jff\/Comerciantes\/mais-18-comercio-e-industria-materiais-de-construcao-lda\/","title":{"rendered":"Mais 18&#8243; &#8211; Com\u00e9rcio E Ind\u00fastria Materiais De Constru\u00e7\u00e3o, Lda"},"content":{"rendered":"","protected":false},"author":1,"comment_status":"closed","ping_status":"closed","template":"","atbdp_listing_types":[93],"at_biz_dir-category":[111],"at_biz_dir-location":[106],"at_biz_dir-tags":[],"class_list":["post-2018","at_biz_dir","type-at_biz_dir","status-publish","hentry","atbdp_listing_types-general","at_biz_dir-category-comercio-de-material-de-construcao","at_biz_dir-location-ff"],"aioseo_notices":[],"_links":{"self":[{"href":"https:\/\/www.flamengos.pt\/jff\/wp-json\/wp\/v2\/at_biz_dir\/2018","targetHints":{"allow":["GET"]}}],"collection":[{"href":"https:\/\/www.flamengos.pt\/jff\/wp-json\/wp\/v2\/at_biz_dir"}],"about":[{"href":"https:\/\/www.flamengos.pt\/jff\/wp-json\/wp\/v2\/types\/at_biz_dir"}],"author":[{"embeddable":true,"href":"https:\/\/www.flamengos.pt\/jff\/wp-json\/wp\/v2\/users\/1"}],"replies":[{"embeddable":true,"href":"https:\/\/www.flamengos.pt\/jff\/wp-json\/wp\/v2\/comments?post=2018"}],"wp:attachment":[{"href":"https:\/\/www.flamengos.pt\/jff\/wp-json\/wp\/v2\/media?parent=2018"}],"wp:term":[{"taxonomy":"atbdp_listing_types","embeddable":true,"href":"https:\/\/www.flamengos.pt\/jff\/wp-json\/wp\/v2\/atbdp_listing_types?post=2018"},{"taxonomy":"at_biz_dir-category","embeddable":true,"href":"https:\/\/www.flamengos.pt\/jff\/wp-json\/wp\/v2\/at_biz_dir-category?post=2018"},{"taxonomy":"at_biz_dir-location","embeddable":true,"href":"https:\/\/www.flamengos.pt\/jff\/wp-json\/wp\/v2\/at_biz_dir-location?post=2018"},{"taxonomy":"at_biz_dir-tags","embeddable":true,"href":"https:\/\/www.flamengos.pt\/jff\/wp-json\/wp\/v2\/at_biz_dir-tags?post=2018"}],"curies":[{"name":"wp","href":"https:\/\/api.w.org\/{rel}","templated":true}]}}

Mais 18&#8243; &#8211; Comércio E Indústria Materiais De Construção, Lda
